luate 4 - (2 - -1) - 6 - -3.
-2
Calculate 0 + -1 + 3 + 1.
3
-2 + (19 - 8) - 3
6
What is -123 + 115 + (1 - -11)?
4
Evaluate 1 - 2 - (-2 - 2).
3
What is -2 - ((-52 - -42) + 0 + 0)?
8
Evaluate 1 + -2 + -5 + 5.
-1
What is the value of 4 + -4 - -4 - 4?
0
Evaluate 9 - (0 - -5 - -1).
3
Evaluate 11 + 8 + (10 - 20).
9
Evaluate (5 - 10 - -3) + 6.
4
What is -1 + 10 + -12 + 12 + -2?
7
What is the value of 0 + -1 + (6 - 4) + -3?
-2
Calculate -25 + 26 - (-2 + -1 - -1).
3
Calculate 5 + 4 + -6 + (-3 - -1).
1
-4 - (-4 + (6 - 2)) - -6
2
What is the value of (2 - -5) + (13 - 15)?
5
What is the value of 1 - (-4 + 1 - 1)?
5
Evaluate -4 + 1 + -1 + 4.
0
What is -2 + (-2 + 1 - 0)?
-3
Evaluate (-2 - 0 - -2) + 1 + 2.
3
What is the value of 0 + 0 + -48 + 51?
3
What is (-3 - (0 + -11)) + -15?
-7
Calculate -46 - -53 - (1 - -17).
-11
(1 - -10 - 7) + (-2 - 2)
0
What is 2 - 3 - (8 + 4 + -8)?
-5
What is the value of -4 - (-5 - (3 - -1))?
5
What is 1 - (-3 + -6 + 5)?
5
Calculate -140 + 149 - ((4 - 0) + 0).
5
What is the value of 2 - 0 - (2 - (1 - 5))?
-4
Calculate 7 + (2 - (-7 + (14 - 3))).
5
What is the value of (20 - 7) + -8 - 6?
-1
Evaluate 6 + -7 + -4 + 1 + 2.
-2
Evaluate -5 - (-2 - (-3 - -3)).
-3
Calculate -2 - (4 - 3) - -3 - -3.
3
Evaluate -6 - (-2 - (-2 + -2)).
-8
What is the value of -6 + 1 - (-16 + 15) - 1?
-5
Evaluate (2 + -6 + 0 - -11) + -2.
5
Evaluate -2 - (-2 + (-5 - (2 + -7))).
0
What is 2 + -2 + -2 - -4?
2
What is 2 + (3 - 3 - 1) - -2?
3
What is the value of 8 + -7 + (10 - (4 - 0))?
7
0 - (2 + (5 - 11))
4
What is 1 - (8 + -3 + -8)?
4
What is (-2 - -1) + 3 + (-13 - -7)?
-4
Evaluate (-2 - 18) + (14 - 3).
-9
Calculate 1 + -1 + 40 + -45.
-5
Calculate (-2 - 8) + (8 - 3).
-5
What is the value of -1 + (-5 - 0) - -4?
-2
Calculate (5 + -1 - -1) + -10.
-5
Calculate -84 + 85 - (-3 - 1).
5
What is the value of (6 - 2) + -2 + 1 + -3?
0
Evaluate (3 - (0 + 7)) + 7 + -4.
-1
Evaluate 2 + 1 + (7 - 6) - 1.
3
(-5 + 11 - -3) + -4
5
Calculate 1 - (3 - 8 - -3 - -5).
-2
What is 125 + -122 + -1 + (-3 - -1)?
0
Evaluate 47 + -54 - (-4 - 0).
-3
Evaluate 2 + (-6 - (2 + -6)).
0
Calculate -9 + 6 + 5 - (-3 - 0).
5
What is 8 - (-5 + 2 - (-7 + 1))?
5
Evaluate 4 + -13 + (14 - 2).
3
(-4 - 4) + (9 - (-5 + 7))
-1
-4 + -2 + 3 + -19 + 24
2
-1 - ((1 + 4 - 3) + -2)
-1
What is (-19 + 10 - -4) + 0?
-5
What is the value of -18 + 15 - (1 - 8)?
4
What is the value of -3 - (3 + (-1 - 9))?
4
-2 - (-4 + (5 - 1))
-2
Calculate 4 + -5 + 8 + -4 + -4.
-1
Calculate (-8 - -10) + 1 + -4 + 0.
-1
Evaluate (3 - 4) + -20 - -14.
-7
Evaluate -1 - 1 - (7 - (-8 + 15)).
-2
Calculate (0 - 4 - -1) + 4.
1
What is (1 - (0 - -5)) + -1 + 1?
-4
What is (6 - (0 - -5) - -14) + -7?
8
Evaluate (-14 - -8) + 2 + (-2 - -4).
-2
What is -13 + -2 + 14 + (-3 - 1)?
-5
What is 0 + 3 + (-4 + 2 - -1)?
2
What is 8 + (-7 - -4 - 1)?
4
What is 3 + (5 + -4 - -1)?
5
What is -3 + -3 - -5 - 4?
-5
What is the value of (2 + -2 - -2 - 8) + 2?
-4
Evaluate (0 - 4 - -5) + 1.
2
What is the value of 9 - (-1 + -1 - (-3 + -2))?
6
-1 + 1 + -3 - -4
1
What is the value of 1 + -1 + -3 + 2 + 0?
-1
What is the value of (-2 - -5) + -1 + 0 - 2?
0
What is -4 + 22 - 9 - 16?
-7
-8 - ((2 - 5) + -1)
-4
Calculate 4 - (8 - 3 - 2) - 3.
-2
-1 - (6 + -13 - -3)
3
What is 3 + (-2 + (0 - -3) - 3)?
1
-2 - (2 - (12 + -8))
0
Evaluate 4 - (2 + 4 + 3).
-5
0 + (0 - -2) + -5
-3
What is the value of 0 - (2 + -2) - 1 - 0?
-1
0 - (4 - (2 - -4))
2
(1 - -2) + -7 - 4
-8
Calculate -19 + -11 + 22 - -8.
0
Calculate 63 + -63 + -1 + 0 + 6.
5
Calculate -17 + 5 + (6 - -1).
-5
What is the value of 2 - 17 - (0 - 10)?
-5
Calculate (73 - 68) + (-4 - 1).
0
-3 + (6 - 3) - (1 + -3)
2
-3 + 2 - (-8 + (4 - 3))
6
What is the value of (9 - 1) + -2 + (17 - 31)?
-8
Calculate 85 + -80 - (0 + 5).
0
What is the value of 7 - (6 - (1 - 0))?
2
What is the value of 3 - -7 - 8 - 5?
-3
Calculate -2 + 5 - (-2 + (1 - -6)).
-2
Evaluate -8 + 1 + (6 - -3).
2
What is the value of 3 - ((-2 - (-2 + -1)) + 1)?
1
What is (-2 - 0) + (7 - 5 - 6)?
-6
What is the value of 1 + -5 + 0 - 1?
-5
Evaluate (-2 - -1) + 2 + (1 - 1).
1
What is the value of 0 + (4 - (-4 + 8)) + -6?
-6
What is the value of (-6 - 0 - (-40 - -42)) + 5?
-3
Calculate -12 - -10 - (-1 + -3) - 7.
-5
Evaluate (3 - 1) + -5 - (-19 + 16).
0
What is the value of 15 + -3 + -1 + -4 - 3?
4
Evaluate -1 - ((-1 - 4) + 0 + 10).
-6
Calculate 3 + 2 - (6 + -7 - -4).
2
Evaluate -6 + 2 + 2 - -7.
5
Evaluate (-3 - (1 + -4)) + 1.
1
What is 0 + (0 - (0 + -4))?
4
Evaluate -5 + 8 + 4 - (1 - -2).
4
What is the value of 4 - (4 - -1 - -1)?
-2
2 + (6 - 3) + -3 + 1
3
-7 + 3 - -10 - (-2 + 9)
-1
What is the value of -4 + 5 + (7 - (5 - 1))?
4
What is the value of 5 + -2 + (4 - 3) - 6?
-2
12 + -7 - (-5 + 12)
-2
Calculate 1 - (-1 + 3 - (-1 + 4)).
2
What is (2 - 4) + -1 + -4 + 13?
6
Evaluate -19 - -20 - (2 + -4).
3
-9 - 0 - (13 + -17)
-5
What is the value of (3 + 1 - 4) + -12 + 11?
-1
Evaluate -3 - (-3 + (4 - 1)).
-3
Evaluate -2 + -1 - (5 + -3 + -2).
-3
Evaluate (7 + (3 - 20) - -6) + 1.
-3
What is (-16 - (-14 - -1)) + 9?
6
Calculate -2 - (1 + -6) - 3.
0
Calculate 11 - 4 - (12 + -2).
-3
Evaluate 4 - (1 + 2 + 1).
0
Evaluate -3 - ((2 - 6) + -8 - -4).
5
Evaluate 0 + -2 + 4 - -3.
5
Calculate 5 - 1 - (4 - (-3 - -13)).
10
What is -1 + -4 + 0 + (-3 - -4)?
-4
Evaluate 23 + -13 - (10 - 1).
1
Calculate -3 + 4 + 4 - 3.
2
Calculate 0 - 17 - -9 - 0.
-8
Calculate (-2 - 0) + (4 - -5).
7
What is (1 - -9) + (-30 - -11)?
-9
Calculate -6 + (13 - (3 + 5)).
-1
What is the value of (0 - -10) + (-2 - 3)?
5
What is the value of -4 - (-3 - -5 - 1)?
-5
Evaluate 2 - (2 + -2 - -1) - 1.
0
What is 4 + -4 + (1 - -3)?
4
Evaluate (6 - 2) + -3 + 5.
6
5 + -4 - (-1 + 0 + 0)
2
What is the value of (-7 + 4 - -4) + -6?
-5
Evaluate 0 + 2 + (2 - (8 - 5)).
1
(22 - 15) + (0 - 1 - 5)
1
What is the value of 4 - (8 + -1 - -2)?
-5
What is the value of (-1 - 4) + -25 + 27?
-3
What is 11 - 3 - 21 - -4?
-9
Calculate 7 - (6 + -1 - -2).
0
Calculate -3 + (-6 - -6) - -3.
0
What is the value of (-13 - -6) + 7 - (0 + -1)?
1
(1 - -2) + (0 - -4) + -6
1
What is (-3 - -5 - -4) + -4?
2
What is (4 - (1 - -2)) + 3 + -1?
3
2 + -6 + (9 - 2)
3
Calculate 22 + -16 - (-4 + 4).
6
What is 2 - 1 - (0 - (-1 - 0))?
0
Calculate 5 - (3 + (0 - (2 + -1))).
3
What is -1 - ((-2 - -6) + -3 - -4)?
-6
What is -7 - (-6 + 4) - 0?
-5
What is 3 - (0 + 7) - -4 - -2?
2
19 - (7 - -1) - (4 - 0)
7
What is the value of 1 - (-1 + 5 + 0)?
-3
What is -9 + 6 + -15 + 11?
-7
What is the value of 2 - (-1 + -6 - -1)?
8
What is the value of (-2 - -4) + -7 + 9?
4
What is the value of 0 - (4 - 1) - (5 + -3)?
-5
(2 - 0 - -3) + -3
2
What is -19 - (-15 + -10 + 16)?
-10
What is the value of 4 + (0 - -7) - 6 - 0?
5
7 + 3 + 7 + -16
1
-3 - (-2 + (-2 - (-1 + -5)))
-5
What is (7 + -2 - (9 - 0)) + 0?
-4
What is -6 + (-1 - 6) + 12?
-1
What is the value of -6 + 2 + -6 + 4?
-6
Evaluate 2 + (17 + -16 - (5 - 0)).
-2
What is -4 + 4 + (-5 - -3) + -1?
-3
Calculate -2 + 8 + -8 + 3.
1
Evaluate (9 - (1 + 3)) + -2 + 2.
5
Calculate 5 - (-5 - -5) - 10.
-5
What is the value of (0 - -3) + -4 - 4?
-5
1 - (5 - 7) - -2 - 2
3
What is the value of 3 - (3 + 4 + -3 + 4)?
-5
(13 - (0 + 5) - 2) + -3
3
What is (3 - 4 - -9) + -1?
7
Evaluate 4 + -8 + 2 + 0 + 2.
0
Calculate 2 + (-3 + 3 - -6).
8
Calculate (-6 - -15) + 5 + -9.
5
What is (6 - 4) + -3 - (-5 - -1)?
3
Calculate (-6 - 0 - (1 - 3)) + 2.
-2
(3 - 6) + 2 - (0 + 4)
-5
Calculate 0 - (3 + 4) - -7.
0
What is the value of -15 + 17 - (2 + 4)?
-4
(17 - 19) + 13 + -4
7
Evaluate 8 + -14 + 8 + -8.
-6
What is (-4 + (3 - 5) - -13) + 0?
7
What is the value of (4 + (8 - 7) - 5) + 1?
1
What is 0 + 5 + (-8 - -16) + -11?
2
(-1 - (2 - 0)) + 9 + -1
5
Calculate -5 + (-9 - (-9 + 4)) + 11.
2
Evaluate 0 + 10 + -10 + 8 + -2.
6
Calculate 4 + (-3 - (0 - 0)) + 2.
3
2 - ((-1 - -2) + 0)
1
Evaluate (10 - 2) + (-2 - (-1 + 2)).
5
What is 0 - -1 - (-3 + 6) - -5?
3
4 + -1 - (9 + -20 - -8)
6
Calculate 1 + -5 - -4 - (-4 + 5).
-1
(2 - 9 - -4) + 5
2
(5 + -7 - 10) + 13
1
What is the value of -3 + -6 + 3 + 5 + -3?
-4
Calculate 0 - ((-8 - -2) + 3).
3
-3 - (0 - 4 - -1 - -2)
-2
Evaluate 0 + -4 - (10 + -5 - 14).
5
Calculate -4 - 5 - -3 - -9.
3
What is the value of 0 - ((0 - (-1 + -1)) + 1)?
-3
What is the value of -5 + (0 - -1) - (0 + -3)?
-1
What is -8 + (4 - (-8 - (-11 - -1)))?
-6
Calculate 0 + -7 + 2 + 5.
0
Calculate -11 + 6 + (-1 -